on factor of 8 and 68.
4
What is the greatest common factor of 105 and 161805?
105
What is the greatest common divisor of 915 and 45?
15
What is the highest common divisor of 10314 and 54?
54
Calculate the greatest common factor of 2629 and 478.
239
Calculate the greatest common divisor of 1849 and 43.
43
What is the greatest common factor of 345 and 75?
15
Calculate the highest common divisor of 34 and 2414.
34
Calculate the greatest common factor of 9072 and 16.
16
What is the greatest common factor of 565 and 5?
5
What is the greatest common factor of 88 and 8481?
11
What is the highest common factor of 4925 and 25?
25
Calculate the highest common factor of 445 and 5.
5
Calculate the greatest common factor of 42 and 4767.
21
Calculate the highest common factor of 3 and 125.
1
Calculate the highest common divisor of 41 and 3321.
41
Calculate the greatest common divisor of 15 and 960.
15
Calculate the greatest common factor of 156 and 8814.
78
Calculate the greatest common divisor of 2257 and 61.
61
What is the highest common factor of 1256 and 24?
8
Calculate the greatest common divisor of 3325 and 133.
133
Calculate the highest common divisor of 243 and 1296.
81
What is the greatest common divisor of 63 and 135?
9
What is the highest common factor of 99 and 198?
99
What is the highest common factor of 120 and 402?
6
What is the highest common divisor of 62 and 4?
2
Calculate the highest common divisor of 72 and 120.
24
Calculate the greatest common factor of 8648 and 184.
184
What is the highest common factor of 3480 and 1320?
120
Calculate the greatest common divisor of 396 and 31548.
132
Calculate the highest common divisor of 333 and 37.
37
What is the highest common factor of 143 and 4004?
143
What is the greatest common factor of 752 and 16732?
188
Calculate the highest common divisor of 168 and 216.
24
What is the greatest common divisor of 3980 and 20?
20
What is the greatest common factor of 14 and 6174?
14
Calculate the highest common factor of 372 and 36.
12
What is the highest common factor of 276 and 21?
3
What is the greatest common divisor of 4 and 7948?
4
Calculate the greatest common factor of 800 and 250.
50
Calculate the greatest common factor of 830 and 249.
83
Calculate the greatest common divisor of 2290 and 10.
10
Calculate the greatest common divisor of 65 and 1235.
65
Calculate the greatest common factor of 348 and 12.
12
What is the highest common divisor of 45 and 6105?
15
Calculate the greatest common factor of 74 and 1998.
74
Calculate the highest common divisor of 1950 and 78.
78
Calculate the highest common divisor of 76 and 12844.
76
Calculate the greatest common factor of 59 and 1475.
59
What is the highest common factor of 5312 and 2988?
332
What is the greatest common divisor of 2413 and 76?
19
What is the highest common divisor of 13 and 29?
1
Calculate the highest common factor of 14063 and 1435.
287
Calculate the greatest common factor of 1444 and 76.
76
What is the greatest common factor of 285 and 13015?
95
Calculate the highest common factor of 12 and 20.
4
What is the greatest common factor of 476 and 16422?
238
What is the highest common factor of 162 and 126?
18
Calculate the greatest common divisor of 20 and 44.
4
Calculate the highest common divisor of 10 and 16.
2
Calculate the highest common divisor of 14 and 39998.
14
Calculate the highest common factor of 128 and 1216.
64
What is the highest common divisor of 986 and 204?
34
Calculate the highest common divisor of 380 and 140.
20
Calculate the highest common divisor of 52038 and 54.
18
What is the greatest common divisor of 21 and 4851?
21
What is the greatest common divisor of 14259 and 294?
147
Calculate the greatest common factor of 7 and 1673.
7
What is the greatest common divisor of 70 and 238?
14
Calculate the highest common factor of 168 and 18.
6
What is the greatest common divisor of 24134 and 22?
22
What is the highest common factor of 580 and 100?
20
What is the greatest common divisor of 132 and 33?
33
Calculate the highest common divisor of 54 and 6.
6
Calculate the highest common factor of 36 and 180.
36
What is the greatest common divisor of 52 and 104?
52
What is the greatest common factor of 85 and 476?
17
Calculate the highest common divisor of 11 and 33.
11
What is the greatest common factor of 874 and 19?
19
Calculate the highest common divisor of 1008 and 96.
48
What is the greatest common divisor of 399 and 105?
21
Calculate the greatest common factor of 196 and 1323.
49
Calculate the highest common divisor of 1400 and 40.
40
Calculate the greatest common factor of 37 and 1147.
37
Calculate the highest common divisor of 111 and 148.
37
What is the greatest common divisor of 1 and 113?
1
Calculate the greatest common factor of 414 and 3864.
138
Calculate the greatest common factor of 21 and 12.
3
What is the greatest common divisor of 85 and 15?
5
Calculate the highest common divisor of 171 and 38.
19
Calculate the greatest common divisor of 1 and 93.
1
Calculate the highest common divisor of 67 and 3.
1
Calculate the greatest common divisor of 5 and 995.
5
Calculate the greatest common factor of 913 and 693.
11
Calculate the greatest common divisor of 570 and 30.
30
What is the highest common factor of 369 and 2624?
41
What is the greatest common divisor of 28 and 343?
7
Calculate the highest common factor of 300 and 2025.
75
What is the greatest common factor of 56 and 28?
28
What is the highest common divisor of 507 and 78?
39
Calculate the highest common factor of 185 and 148.
37
Calculate the highest common divisor of 10890 and 15.
15
What is the highest common factor of 333 and 9?
9
What is the greatest common factor of 765 and 90?
45
Calculate the highest common divisor of 52 and 1664.
52
What is the greatest common factor of 18 and 838?
2
What is the greatest common factor of 595 and 40?
5
Calculate the greatest common factor of 201 and 3.
3
Calculate the greatest common divisor of 252 and 36.
36
Calculate the highest common divisor of 3781 and 38.
19
Calculate the highest common factor of 261 and 435.
87
Calculate the highest common factor of 2684 and 66.
22
Calculate the highest common divisor of 81 and 864.
27
Calculate the greatest common divisor of 11206 and 3017.
431
What is the greatest common factor of 384 and 24?
24
What is the highest common factor of 10 and 370?
10
Calculate the highest common factor of 748 and 44.
44
What is the greatest common divisor of 26 and 22334?
26
What is the greatest common factor of 252 and 36?
36
What is the greatest common divisor of 567 and 168?
21
Calculate the greatest common divisor of 315 and 1449.
63
Calculate the greatest common divisor of 270 and 6.
6
What is the highest common factor of 30 and 96?
6
What is the highest common factor of 1496 and 1309?
187
What is the greatest common factor of 28 and 3612?
28
Calculate the highest common factor of 583 and 55.
11
What is the greatest common divisor of 45 and 126?
9
Calculate the highest common factor of 12710 and 10.
10
What is the highest common divisor of 294 and 210?
42
Calculate the highest common divisor of 30 and 192.
6
What is the highest common divisor of 1088 and 408?
136
What is the greatest common factor of 81 and 153?
9
Calculate the greatest common divisor of 60 and 320.
20
Calculate the highest common factor of 215 and 60.
5
Calculate the greatest common divisor of 4642 and 77.
11
What is the highest common factor of 66 and 18?
6
What is the highest common divisor of 40 and 25?
5
What is the highest common divisor of 1192 and 120?
8
What is the greatest common factor of 25 and 1775?
25
Calculate the highest common factor of 40 and 170.
10
Calculate the greatest common divisor of 354 and 6.
6
What is the highest common divisor of 102 and 66?
6
Calculate the highest common factor of 160 and 360.
40
Calculate the highest common divisor of 8339 and 538.
269
Calculate the highest common factor of 493 and 29.
29
Calculate the highest common factor of 634 and 20.
2
What is the highest common factor of 30 and 320?
10
Calculate the highest common divisor of 1694 and 126.
14
What is the greatest common factor of 1141 and 14?
7
Calculate the greatest common factor of 416 and 1872.
208
Calculate the greatest co